t b(o) be the first derivative of -2*o - n + 3/2*o**2 + 2/3*o**3. Determine b(2).
12
Suppose -2*k + 3*f = 3*k - 28, -4 = 4*f. Let u(q) be the first derivative of q**2/2 - 43. Let o(p) = -4*p + 1. Let s(d) = k*u(d) + o(d). Give s(2).
3
Let u be (-12)/(-60) + 58/10. Suppose -l - 2*l + u = 0. Suppose 0 = 3*w - l*w. Let p(b) = -b**3 + 1. Give p(w).
1
Let f(r) = r**2 - 15*r + 18. Let b = -1913 + 1926. Determine f(b).
-8
Suppose 4 = o - 1. Let r(v) = -15 + 3*v + 14 - 8. Let d(i) = i - 4. Let x(p) = o*d(p) - 2*r(p). What is x(-5)?
3
Let b(q) = 12*q**2 + 3*q + 1. Let m be b(-1). Suppose -3*a - 5 = 2*a, -m = 5*o + 5*a. Let w(d) be the first derivative of -9*d**4/4 + d**2/2 + d - 1. Give w(o).
9
Let c(p) = 3*p - 9. Let w be c(7). Let d be 4/w + 4/6. Let y(u) = -1 + d - u - 7*u. Give y(-1).
8
Suppose -4*r - 4*n + 31 = -5, 2 = -2*n. Let h(l) = -r + 8 + 4 - l - 2*l. Let m = 13 + -9. Calculate h(m).
-10
Let p be (580/36)/(-5) + (-12)/(-54). Let w(r) = r**2 + 4*r - 1. Give w(p).
-4
Let a(s) = -s**2 - 9*s + 5. Suppose 2*f - 17 + 9 = r, 5*f = -5. Give a(r).
-5
Let y(r) = 3*r**2 - 9*r - 12. Let m = 760 - 756. Determine y(m).
0
Let f be -3*(-3)/(-9) + 9/3. Let k(a) = -5*a**2 + 2*a + 3 - f*a**2 + 2*a + 8*a**2. Determine k(-4).
3
Let l(m) = m**2 + m - 5. Let h(f) = f - 2. Let s be (2 + 1 + -1)/(-2). Let p be (s/(-2))/(4/(-16)). Let q be h(p). Give l(q).
7
Let v(l) be the second derivative of l**4/4 + l**3/3 + l**2/2 + 873*l. Let k(n) = -n**3 - 2*n**2 + n. Let s be k(-2). What is v(s)?
9
Suppose b - 2*b + 6 = 0. Let p(u) = -u**3 - 5*u**2 - 8*u. Let l be p(-4). Let g(m) = 7*m - l*m + 8*m + 7. Give g(b).
1
Let r be (1/(-3) + 2)*(-108)/(-60). Let c(x) be the third derivative of -1/20*x**5 + 1/120*x**6 + 1/6*x**3 + 1/24*x**4 + 0 + 0*x + 4*x**2. Determine c(r).
4
Let j(f) = -2*f**2 + 5*f - 2. Let w(v) = -v**2 - 9*v - 17. Let u be w(-6). Suppose -u = -n + 2*b, -2*n - 5*b + 0*b + 11 = 0. What is j(n)?
-5
Let l(n) be the second derivative of -n**5/20 + 2*n**4/3 - 5*n**3/6 - 6*n**2 + 2*n - 8. Determine l(7).
2
Let g = -6 + 7. Let u be (-3 - (-15)/3)*g. Let m(x) = -2*x + 6. Let s(w) = -2*w + 5. Let l(r) = 2*m(r) - 3*s(r). Calculate l(u).
1
Let q be 56/(-42) - 152/(-6). Let p = 33 - q. Let i(y) = -2*y + 5*y - y - p. Calculate i(6).
3
Let w be (1/(6/9))/(2/4). Let d(n) = -9*n - 3*n**2 - n**w + 1 - 5*n + 18*n. Give d(-3).
-11
Let c(v) = 4*v**2 - 11*v + 9. Let b(q) = q**2 - 3*q + 2. Suppose -2*u = -6 - 2. Suppose 5 = u*o - 3. Let s(p) = o*c(p) - 9*b(p). Calculate s(6).
-6
Let w = 14 - 13. Let f(a) = -5*a + 7*a - w - 6*a. Let n = 0 + -2. Calculate f(n).
7
Let v(h) be the third derivative of -1/120*h**6 + 0 + h**2 + 1/24*h**4 - 1/15*h**5 + 0*h + 1/2*h**3. What is v(-4)?
-1
Let y(j) = j**3 + 9*j**2 + j + 11. Let r be y(-9). Suppose 4*i - 8 = 2*i. Let k(t) = -2 + i + t - r. What is k(1)?
1
Let s(w) = -54*w**2 - 20*w + 119. Let g(a) = 19*a**2 + 7*a - 42. Let j(c) = -17*g(c) - 6*s(c). Let r be (-3 - 0)*24/9. Let u = 6 + r. What is j(u)?
2
Let x(h) = -2*h**3 + 10*h - 5*h**2 - 3*h + 2 - 4*h. Let d(m) = -5*m**3 - 15*m**2 + 8*m + 6. Let p(l) = -3*d(l) + 8*x(l). Calculate p(5).
-2
Let h be (-11)/(-60) - (-20)/(-200). Let g(x) be the second derivative of x**2 - 5*x + h*x**4 - x**3 + 0. Give g(3).
-7
Suppose -10*q + 15 = -5*q. Let k(l) = 2*l**3 - 5*l**3 + 5*l**2 + 4*l**q. Determine k(-5).
0
Suppose 2*j + 85 = 3*t, 3*t = -0*t + 5*j + 100. Let a(w) = w - 3*w + 15 - t + w. Give a(-7).
-3
Let q be 3 - (-5)/(-50)*5*0. Let i(l) = 2*l + 1. Give i(q).
7
Let z(n) = -n**3 - 3*n**2 + 4*n - 12. Let v(w) = w**3 + 2*w**2 - 3*w + 11. Let f(x) = -4*v(x) - 3*z(x). Determine f(0).
-8
Let i(a) = -12*a**3 - 6*a**2 + 1. Let n(r) = -r**2 - r. Let m(g) = 4*g**2 + 5*g. Let k(b) = m(b) + 5*n(b). Let v(j) = -i(j) + 5*k(j). What is v(-1)?
-12
Let b(y) = 2*y**2 - 5*y + 9. Let h(w) = 3*w**2 - 4*w + 9. Let k(l) = -4*b(l) + 3*h(l). Calculate k(-7).
-16
Let h(r) be the third derivative of -5/24*r**4 + 1/6*r**3 + 0 + 0*r + 8*r**2. Give h(-1).
6
Let d be (4/16*3)/(4/(-576)). Let g = d + 103. Let y(c) = -c**2 - 6*c - 2. What is y(g)?
3
Let j(a) be the second derivative of -1/2*a**3 + 1/20*a**5 - 2*a**2 + 0 - 2*a - 1/6*a**4. Suppose -3*x - 3 = 0, -6 = k + 5*x - 4. Calculate j(k).
-4
Let j(t) be the second derivative of -18*t - 1/20*t**5 + 0*t**3 - 2/3*t**4 + 4*t**2 + 0. Give j(-8).
8
Let b(z) = 4*z + 1. Suppose -n = -2*l + 6, 0 = -3*l - 11 + 26. Suppose n*r = r + 33. Suppose -m = -r + 12. Determine b(m).
-3
Let v be ((-1083)/209 + 5)/((-2)/44). Let x(p) = -2*p. What is x(v)?
-8
Let v(f) be the first derivative of -f**3/3 - f**2/2 + 3*f + 1. Let g(p) = 9*p + 65. Let o be g(-7). Suppose 5*j = -5*c - 10, -5*c - o*j = -2 + 6. What is v(c)?
3
Suppose -6*x = -4*x - 14. Let y(l) be the first derivative of l**2/2 + 7. Give y(x).
7
Let m(q) = -q**3 - 14*q**2 - 12*q + 16. Suppose -s + y + 2*y + 2 = 0, 3*y = -s - 28. What is m(s)?
3
Let i(a) = -11*a - 6. Let q(t) = -12*t - 5. Let h(z) = -5*i(z) + 6*q(z). Suppose -376*j = -375*j - 1. Determine h(j).
-17
Suppose -340*s + 135 = -349*s. Let i(m) = -m**2 - 15*m - 13. What is i(s)?
-13
Suppose 7*s - 12*s = -5. Let v(u) = -4*u**2 - 3*u - 4. Let r(j) = j**3 - j**2 - j - 1. Let q(h) = s*v(h) - r(h). Determine q(-3).
3
Let x(s) = -99 + s**2 + 3*s - 14*s + 52. Determine x(14).
-5
Let c be (26/3)/(12/18). Let l(o) = 20*o + c*o - 34*o. Let u = -1 - -1. Calculate l(u).
0
Let q = 48 - 44. Let t(x) = 3*x - 4 + 2*x - q*x - 2. Give t(6).
0
Let l(r) = -r**2 - 4*r - 1. Suppose -5*f - 156 = -f. Let d be f/(-3)*2/2. Suppose 5*k - 3*v + 12 = 0, -v + d = -5*k + v. Calculate l(k).
2
Suppose -5*y = -8*y + 12. Suppose -b = b - y. Let l(g) = 0*g**2 + 1 - 2*g + 6*g + 0*g**2 - g**b. Give l(4).
1
Let k(r) = r**2 + 5*r + 2. Let y(m) = -m**3 - 5*m**2 - 4*m. Let g be y(-4). Suppose -u - 4 + 13 = g. Suppose u - 6 = -d. Calculate k(d).
-4
Suppose 17*p - 62 = 6. Let d(s) be the second derivative of 1/6*s**3 + 0 + 0*s**p - 1/20*s**5 - 3*s - s**2. Determine d(0).
-2
Let v be 46/(-5) + (-4)/(-20). Let t(j) = -j**3 - 8*j**2 + 8*j - 4. What is t(v)?
5
Let p be (-20)/(-11) + 4/22. Let g(k) = -7 - 1 + k**2 - 4*k + p. Suppose -6*h + 48 - 12 = 0. What is g(h)?
6
Let y = -65 - -73. Let g = 6 - y. Let k(n) = 2*n**3 + 2*n**2 - 3*n - 3. Calculate k(g).
-5
Let z(y) = -y + 7. Suppose 2*r + 4*b = 6, 5*b + 5 = r + 2. Give z(r).
4
Let u(t) = -6*t - 8. Let s(q) = -3*q - 2. Let o(a) = 4*s(a) - u(a). Give o(1).
-6
Let n(w) = 0*w**2 + w**2 + 0*w**2 + 2*w - 3 + 3*w**3 + 4. Suppose 38*y = 34*y - 4. Calculate n(y).
-3
Let w(c) = -c**3 - 11*c**2 - 12*c - 13. Let x(t) = -2*t - 42. Let j be x(-21). Suppose -3*k - 6*r = -r + 30, j = -r. Give w(k).
7
Let z(o) = 2*o + 2. Let y(r) = -2*r + 10. Let n(p) = y(p) - 4*z(p). Calculate n(3).
-28
Let m(u) = 4*u + 1. Let v(y) = -y**3 + y + 2. Let b be v(-2). Let s = b - 7. Let o(n) = -n**3 - n + 1. Let x be o(s). Calculate m(x).
-3
Let u(w) = -w. Let x be u(-1). Let j(z) = 0*z - 5 + z + x + 17. Calculate j(-6).
7
Suppose -2*l - 2 + 14 = j, -3*l + 74 = 5*j. Let z be 4/(-6) + j/6. Let x(a) = 4 - 5*a**2 + 5*a**z - 2*a**2 - 8*a + 3*a**2. Calculate x(8).
4
Suppose -4*r + 11 = 3*c, 0*c - 2*c + 2 = 0. Suppose -4*b + 9 = -3*b. Let o(n) = -b + 2*n**3 - 8 - 3*n**2 + 0*n**3 + 18. Determine o(r).
5
Let l(j) = 3*j - 33*j**2 - 3 + 112*j**2 - 39*j**2 - j**3 - 38*j**2 - 1. Calculate l(3).
-4
Let v(s) = -s**3 - 14*s**2 + 3*s + 46. Let k be v(-14). Suppose o = -3 + 5. Let p(c) = c - 4*c**o + 1 - 4 + 0 + c**3. Calculate p(k).
1
Let s(o) = -o**3 - 3*o**2 + 11*o + 4. Let d(a) = -9*a + 148. Let l be d(17). Calculate s(l).
-1
Let z(l) = -l**3 + l - 2. Let x(m) = 5*m**3 + 5*m**2 - 8*m + 13. Let u(c) = -x(c) - 6*z(c). What is u(4)?
-9
Let a(m) be the third derivative of m**7/2520 + m**6/90 + 3*m**5/40 - m**4/8 - 10*m**2. Let r(u) be the second derivative of a(u). Give r(-6).
-3
Let u(z) be the second derivative of -z**3/2 - z**2 - 58*z. What is u(6)?
-20
Let g(i) be the second derivative of i**5/20 - 7*i**4/6 + 2*i**3 + 2*i**2 + 711*i. Determine g(13).
-9
Let a(j) = 81*j**2 - 80*j**2 + 13 - 18*j + 6*j. What is a(9)?
-14
Let r(c) = 7*c**2 + 2*c. Let u(s) = 2*s**2 - s + 1. Let k(z) = r(z) - 3*u(z). Calculate k(-5).
-3
Let h(r) = -r**2 - 5*r + 6. Let k be 78/(-195) + 23/(-5). What is h(k)?
6
Let n(h) = 9*h + 7 - 148*h**2 + 6 + 149*h**2 